late the remainder when 306928 is divided by 130.
128
Calculate the remainder when 45482 is divided by 114.
110
What is the remainder when 7704 is divided by 3778?
148
What is the remainder when 17519 is divided by 24?
23
Calculate the remainder when 112552 is divided by 168.
160
Calculate the remainder when 2795 is divided by 210.
65
What is the remainder when 9460 is divided by 9432?
28
Calculate the remainder when 65136 is divided by 917.
29
What is the remainder when 18276 is divided by 134?
52
Calculate the remainder when 12249 is divided by 571.
258
What is the remainder when 233403 is divided by 29174?
11
Calculate the remainder when 11536 is divided by 11272.
264
Calculate the remainder when 198192 is divided by 82.
80
Calculate the remainder when 1680 is divided by 167.
10
Calculate the remainder when 13397 is divided by 174.
173
What is the remainder when 6446 is divided by 230?
6
Calculate the remainder when 1579143 is divided by 56.
55
Calculate the remainder when 58962 is divided by 221.
176
Calculate the remainder when 405713 is divided by 103.
99
Calculate the remainder when 1291058 is divided by 729.
728
Calculate the remainder when 94443 is divided by 66.
63
Calculate the remainder when 1090933 is divided by 644.
641
What is the remainder when 138321 is divided by 530?
521
What is the remainder when 35849 is divided by 17875?
99
What is the remainder when 3427 is divided by 235?
137
What is the remainder when 240 is divided by 146?
94
Calculate the remainder when 9870 is divided by 984.
30
Calculate the remainder when 44373 is divided by 86.
83
What is the remainder when 474292 is divided by 471?
466
Calculate the remainder when 152450 is divided by 397.
2
Calculate the remainder when 37955 is divided by 187.
181
What is the remainder when 15269 is divided by 228?
221
Calculate the remainder when 71444 is divided by 794.
778
What is the remainder when 587236 is divided by 919?
914
Calculate the remainder when 1032115 is divided by 290.
5
Calculate the remainder when 63198 is divided by 100.
98
What is the remainder when 553 is divided by 27?
13
What is the remainder when 14014 is divided by 326?
322
Calculate the remainder when 28321 is divided by 378.
349
Calculate the remainder when 80753 is divided by 9.
5
Calculate the remainder when 34357 is divided by 661.
646
Calculate the remainder when 882 is divided by 179.
166
Calculate the remainder when 49086 is divided by 402.
42
Calculate the remainder when 43161 is divided by 32.
25
Calculate the remainder when 73145 is divided by 438.
437
What is the remainder when 4080 is divided by 1329?
93
Calculate the remainder when 2346 is divided by 348.
258
What is the remainder when 1494448 is divided by 410?
408
Calculate the remainder when 4999 is divided by 82.
79
What is the remainder when 31017 is divided by 15?
12
What is the remainder when 52464 is divided by 709?
707
Calculate the remainder when 52923 is divided by 67.
60
What is the remainder when 1441 is divided by 103?
102
What is the remainder when 20787 is divided by 10336?
115
What is the remainder when 1728 is divided by 203?
104
What is the remainder when 5502 is divided by 2448?
606
What is the remainder when 1503 is divided by 84?
75
What is the remainder when 148926 is divided by 104?
102
Calculate the remainder when 221748 is divided by 27.
24
Calculate the remainder when 29062 is divided by 855.
847
What is the remainder when 209339 is divided by 1759?
18
Calculate the remainder when 1045 is divided by 510.
25
Calculate the remainder when 31694 is divided by 1579.
114
Calculate the remainder when 119980 is divided by 1263.
1258
What is the remainder when 4114 is divided by 323?
238
What is the remainder when 2232114 is divided by 760?
754
Calculate the remainder when 5050 is divided by 41.
7
Calculate the remainder when 2213 is divided by 735.
8
Calculate the remainder when 55809 is divided by 43.
38
What is the remainder when 371760 is divided by 74352?
0
What is the remainder when 3367 is divided by 21?
7
What is the remainder when 14626 is divided by 312?
274
Calculate the remainder when 10384 is divided by 77.
66
What is the remainder when 7797 is divided by 295?
127
What is the remainder when 12192 is divided by 6094?
4
Calculate the remainder when 27186 is divided by 41.
3
Calculate the remainder when 135882 is divided by 1123.
1122
What is the remainder when 286 is divided by 137?
12
Calculate the remainder when 1491 is divided by 25.
16
Calculate the remainder when 97 is divided by 71.
26
Calculate the remainder when 214552 is divided by 46.
8
What is the remainder when 750328 is divided by 45?
43
What is the remainder when 253696 is divided by 4974?
22
Calculate the remainder when 65379 is divided by 31.
0
What is the remainder when 618237 is divided by 8?
5
Calculate the remainder when 848558 is divided by 101.
57
Calculate the remainder when 169423 is divided by 3320.
103
What is the remainder when 26809 is divided by 638?
13
Calculate the remainder when 9960 is divided by 11.
5
Calculate the remainder when 14350 is divided by 3396.
766
What is the remainder when 33967 is divided by 6793?
2
Calculate the remainder when 1930 is divided by 53.
22
Calculate the remainder when 2249 is divided by 20.
9
Calculate the remainder when 489435 is divided by 13.
11
What is the remainder when 3430 is divided by 570?
10
Calculate the remainder when 28010 is divided by 933.
20
What is the remainder when 204532 is divided by 18?
16
What is the remainder when 25502 is divided by 8347?
461
What is the remainder when 4509 is divided by 4477?
32
What is the remainder when 110556 is divided by 13?
4
What is the remainder when 46771 is divided by 357?
4
What is the remainder when 1553109 is divided by 88?
85
What is the remainder when 22590 is divided by 200?
190
Calculate the remainder when 283638 is divided by 311.
6
Calculate the remainder when 3880 is divided by 435.
400
What is the remainder when 609308 is divided by 37?
29
Calculate the remainder when 122683 is divided by 747.
175
Calculate the remainder when 273522 is divided by 259.
18
What is the remainder when 16805 is divided by 498?
371
What is the remainder when 473149 is divided by 94628?
9
Calculate the remainder when 20726 is divided by 114.
92
What is the remainder when 3717 is divided by 19?
12
Calculate the remainder when 8346 is divided by 418.
404
What is the remainder when 178971 is divided by 183?
180
What is the remainder when 53599 is divided by 17?
15
Calculate the remainder when 23123 is divided by 317.
299
Calculate the remainder when 12235 is divided by 272.
267
Calculate the remainder when 4846 is divided by 1118.
374
Calculate the remainder when 926 is divided by 90.
26
What is the remainder when 1429 is divided by 343?
57
Calculate the remainder when 781 is divided by 251.
28
Calculate the remainder when 546048 is divided by 10.
8
Calculate the remainder when 496366 is divided by 38177.
65
What is the remainder when 491 is divided by 179?
133
Calculate the remainder when 232064 is divided by 38676.
8
What is the remainder when 28705 is divided by 1104?
1
What is the remainder when 367089 is divided by 297?
294
What is the remainder when 1009364 is divided by 105?
104
Calculate the remainder when 422 is divided by 318.
104
What is the remainder when 8570 is divided by 4?
2
What is the remainder when 18743 is divided by 1325?
193
Calculate the remainder when 16803 is divided by 733.
677
What is the remainder when 15627 is divided by 381?
6
What is the remainder when 21809 is divided by 10900?
9
Calculate the remainder when 36781 is divided by 76.
73
What is the remainder when 129396 is divided by 128?
116
Calculate the remainder when 34925 is divided by 4985.
30
What is the remainder when 638949 is divided by 4?
1
Calculate the remainder when 31913 is divided by 228.
221
Calculate the remainder when 711100 is divided by 719.
9
What is the remainder when 36129 is divided by 804?
753
What is the remainder when 12707 is divided by 1078?
849
Calculate the remainder when 51000 is divided by 295.
260
Calculate the remainder when 10871 is divided by 3616.
23
What is the remainder when 32434 is divided by 204?
202
Calculate the remainder when 18125